(16). What is the highest common factor of 540 and t?
36
Suppose 9*k = -12*k + 840. Let n = 0 - -8. What is the greatest common divisor of k and n?
8
Suppose -3*h + 27 = 5*i, 26 = -2*i + 4*i + 5*h. Suppose 6*y = i*y + 54. Calculate the greatest common factor of y and 12.
6
Let o(a) = -10*a + 19. Let x be o(-8). Let p = 13 - 17. Let m(b) = b**3 + 6*b**2 + 5*b - 3. Let r be m(p). What is the greatest common divisor of x and r?
9
Suppose -5*h - 115*p = -119*p - 38, h = 5*p - 5. Let w be (-2)/6 + (-16)/(-3). Suppose 7 = w*m - 43. Calculate the highest common divisor of m and h.
10
Let x be -5 - 4*(6/(-12) + -3). Calculate the highest common factor of 117 and x.
9
Suppose 19 = -3*c + 7. Let h = c - -28. What is the highest common factor of 72 and h?
24
Let u = -20 + 15. Let m be 2/u*-11*-5. Let d = -16 - m. What is the highest common factor of d and 60?
6
Suppose -y - 47 = 2*t + 45, 4*t = -5*y - 466. Let a be y/(-12) - 9/(-54). What is the highest common factor of a and 64?
8
Let z = -132 - -147. Suppose -18*u = -z*u - 111. What is the greatest common divisor of 407 and u?
37
Suppose 0 = 3*i - 0*u + 2*u - 174, 2*u = 3*i - 186. Let f be (2/6)/(20/i). What is the greatest common divisor of f and 9?
1
Suppose 5*m - 4388 = -4*p, -5*p - m - 2*m + 5498 = 0. What is the highest common factor of p and 57?
19
Let i = -15 - 103. Let h = -65 - i. Suppose c + 21 = r + 4*c, -c = -3*r + h. Calculate the highest common factor of r and 9.
9
Suppose -f = -3*g + 52 + 8, 0 = -g - 3*f + 30. Let z(n) = 3*n + 7. Let l be z(0). Calculate the highest common divisor of l and g.
7
Suppose 3*t - 3*m - 12 = 0, -3*t + 2*t - 5*m - 8 = 0. Let k(v) = 3*v**3 - 3*v**2 + v + 4. Let d be k(2). Calculate the greatest common divisor of d and t.
2
Let q be (-2 - 3 - -4)*-5. Suppose 0 = -q*v + 526 + 149. Let x = 13 + 2. Calculate the greatest common divisor of x and v.
15
Suppose 27*l - 10896 = -1392. What is the greatest common factor of 44 and l?
44
Let h be (-104)/(-10) + 18/(-45). Let o = -12 + 8. Let d be (-2)/o*-2 - -81. What is the highest common factor of d and h?
10
Suppose x + 11*n - 33 = 10*n, 6*n = -4*x + 122. What is the greatest common divisor of x and 2964?
38
Suppose -3*f + 60 = f. Let r be (3/15 + 1)*f. Calculate the greatest common factor of 126 and r.
18
Let l(u) = -6*u - 3. Let h be l(-6). Let z = -2552 + 2651. Calculate the highest common factor of z and h.
33
Suppose 38*g = 734 + 786. Calculate the greatest common divisor of g and 320.
40
Suppose -8 = -0*h - 2*h + 2*c, 16 = h - 4*c. Let w be -2*(1*-20 + h). Let p = -20 - -28. What is the highest common divisor of p and w?
8
Let x(p) = 3*p - 33. Let l be x(18). Calculate the highest common factor of l and 21.
21
Let a be 194/485 + (1422/15)/3. What is the greatest common factor of 2816 and a?
32
Let i(r) = 12*r**2. Let f be i(-1). Let j = 877 + -769. Calculate the highest common factor of f and j.
12
Suppose 45 - 17 = l. Let o be (8/(-10))/((-2)/(-40)). Let a = l + o. Calculate the greatest common factor of a and 36.
12
Suppose 10*p = 7*p + 360. Let i = p + -80. Calculate the greatest common divisor of 16 and i.
8
Let d be (-843)/(-5) + 6/(-10). Let u be ((3/2)/(-3))/(6/(-288)). What is the greatest common factor of u and d?
24
Suppose 3*u + 1 + 5 = 0. Let l be (-52)/u - (-4)/1. Suppose z - 2*q = l, 5*z + 0*q - 106 = -q. Calculate the greatest common factor of 55 and z.
11
Suppose m + 11 = -0*m - 3*j, -3*m + 2*j = 44. Let t = 19 + m. Suppose -c + 2*h + t = 6, -5*c = 4*h - 51. What is the highest common factor of c and 63?
7
Let a = 1311 + -816. Calculate the greatest common divisor of a and 110.
55
Let b = 138 - -78. Suppose 4*p - 3*p = -54. Let j be ((-6)/3)/(4/p). What is the highest common factor of b and j?
27
Suppose 3*m - 4 - 2 = 0, 5*m + 480 = 5*u. Suppose 14*j = 12*j + u. What is the greatest common factor of j and 147?
49
Suppose 978 = 19*v - 998. What is the greatest common factor of v and 24?
8
Suppose -8696 = -32*x - 1752. What is the highest common divisor of x and 28?
7
Suppose -2*f = -5*f. Suppose o - 5 + 2 = f. Suppose o*v + q - 398 = 0, 2*q + 2*q + 124 = v. Calculate the greatest common factor of v and 22.
22
Let q(d) be the first derivative of d**3/3 - d**2 + 38*d - 6. Let y be q(0). What is the highest common factor of y and 152?
38
Let m = -94 - -158. What is the greatest common divisor of m and 32?
32
Let f = 23 + -13. Let q be ((-207)/2)/((-4)/8). Let u = q + -137. What is the greatest common divisor of f and u?
10
Suppose 0 = -0*g + 2*g - 100. Let o(k) = k**2 - 9*k - 11. Let f be o(-8). What is the greatest common divisor of f and g?
25
Let g(h) = 4*h - 1. Let n be g(0). Let u be (-2 + 9)/(n/22*-2). What is the greatest common divisor of 7 and u?
7
Let n be 9*(0 + 9/27). Let g(l) = 2*l**2 + 2*l - 7. Let s be g(-5). What is the greatest common factor of s and n?
3
Suppose -25 = -4*x + 11. Let f(h) = -h**2 - 7*h + 3. Let n be f(-6). What is the highest common divisor of x and n?
9
Let v = -4 + 6. Suppose -4 + 28 = v*k. Let o(g) = 18*g**2 + 13*g + 13. Let a be o(-1). Calculate the greatest common factor of a and k.
6
Suppose -4*i - u = -5*i + 882, 2*u + 2644 = 3*i. Calculate the greatest common divisor of i and 330.
110
Let k be (4/(-8))/((-1)/30). Let n = -10 + k. Calculate the highest common divisor of 25 and n.
5
Let x be (-3705)/(-20) + 1/(-4). Let s = x + -105. What is the greatest common factor of 10 and s?
10
Let u be (2 - -12) + (-2 - -1). Let r = u - 1. What is the greatest common divisor of r and 48?
12
Suppose -1 = -5*r + 119. Let m = -335 - -375. Calculate the greatest common factor of m and r.
8
Suppose -11*f + 402 = -8*f. Let o be 1/(-2) + f/4. Calculate the greatest common divisor of 11 and o.
11
Let h be 1456/10 + 82/205. Suppose h = 4*u - 414. What is the greatest common factor of 56 and u?
28
Let y(m) = 3*m**2 + 7*m - 17. Let j be y(5). What is the highest common factor of 62 and j?
31
Let u(f) = -f**2 - 11*f + 3. Let o = 77 - 88. Let l be u(o). What is the highest common factor of 1 and l?
1
Let z(i) = -i + 14. Let j be z(-9). Calculate the highest common factor of j and 46.
23
Let c(n) = -3*n - 123. Let m be c(-43). Calculate the greatest common factor of 78 and m.
6
Suppose -83 = -4*z + 57. Suppose -t + 28 = 4*g - 45, -z = -2*g + t. Calculate the greatest common factor of g and 2.
2
Let o be 2/((-36)/27)*(-4)/1. Suppose 4*r - x = x, -6 = 3*r - 3*x. Suppose 0 - 8 = -r*t. Calculate the greatest common divisor of o and t.
2
Suppose 36 = 4*x - 4. Let w = -113 + 115. Suppose -25 = -f - 3*y, 4*y = -2*f + w*y + 70. Calculate the greatest common divisor of x and f.
10
Suppose 4*i + 3*n = -0*i + 369, 3 = -3*n. Calculate the greatest common factor of i and 124.
31
Suppose 0 = -4*a + 2*h + 6, 1 = -5*a + 3*a + 5*h. Suppose z + 1 = a. Suppose -4*y + 23 = -5. Calculate the greatest common factor of z and y.
1
Let r(a) = -a**2 + 29*a - 196. Let t be r(12). Suppose 0 = -4*n + 15 + 25. Let w be (-35)/(-14)*t/n. Calculate the highest common factor of 5 and w.
1
Let z(i) = 30*i**2 + i + 1. Suppose 5*c + 18 = -4*l - 11, -15 = 5*l + 2*c. Let h be z(l). Calculate the highest common factor of 12 and h.
6
Suppose -12*j + 7672 + 3680 = 0. Suppose -3*s + s = -j. Calculate the highest common divisor of s and 43.
43
Suppose 5*g - 567 = -4*v, 285 = 2*v + 9*g - 8*g. What is the highest common divisor of 374 and v?
11
Suppose 0 = -3*j + 6, -5*j - 14 = -2*o - 2*j. Calculate the greatest common divisor of o and 230.
10
Suppose -v - 4 = -33. Let b = v + -9. Calculate the greatest common divisor of 4 and b.
4
Let l be (40/6)/((-1)/3). Let c be (8/l)/(3/(-450)). Calculate the greatest common factor of c and 12.
12
Let l(a) = -a**3 + 14*a**2 + 27. Let x = -17 + 31. Let y be l(x). What is the highest common factor of 135 and y?
27
Let t = -186 - -249. Calculate the greatest common factor of 35 and t.
7
Let s(k) = -12*k**3 + k**2 + 3*k - 4. Let v be s(-2). Calculate the highest common divisor of v and 225.
45
Let k be ((-2)/(-6))/(36/216). Suppose -3*f + k*c + 52 = 0, -3*f + 3 = 2*c - 65. Calculate the highest common divisor of 70 and f.
10
Suppose -4 = -4*a + 4, 5*m + a - 32 = 0. What is the highest common divisor of m and 87?
3
Let t(o) = 14*o**2 - 3*o + 1. Let w be t(-3). Let z = -25 - -11. Let j = 3 - z. W